{"id":6141,"date":"2020-06-18T14:53:58","date_gmt":"2020-06-18T18:53:58","guid":{"rendered":"https:\/\/www.spl-latam.com\/chile\/?page_id=6141"},"modified":"2021-06-04T16:06:21","modified_gmt":"2021-06-04T20:06:21","slug":"politica-de-privacidad","status":"publish","type":"page","link":"https:\/\/www.spl-latam.com\/chile\/politica-de-privacidad\/","title":{"rendered":"Pol\u00edtica de Privacidad"},"content":{"rendered":"<p class=\"p2\"><b>Informaci\u00f3n Personal <\/b><\/p>\n<p class=\"p2\">Por informaci\u00f3n personal entendemos:<\/p>\n<ol class=\"ol1\">\n<li class=\"li2\">Informaci\u00f3n que lo identifica a usted o a su empresa, como: nombre o raz\u00f3n social, fecha de nacimiento, tel\u00e9fono, direcci\u00f3n, direcci\u00f3n de correo electr\u00f3nico, n\u00famero de c\u00e9dula de identidad o RUT, o cualquier otra informaci\u00f3n que permita individualizarlo.<\/li>\n<li class=\"li2\">Informaci\u00f3n comercial, incluida informaci\u00f3n de nuestros productos adquiridas por el consumidor o cliente.<\/li>\n<li class=\"li2\">Informaci\u00f3n relacionada a la salud del cliente o consumidor, cuando se trata de preguntas o cuestiones relacionadas a los efectos de nuestros productos en la salud.<\/li>\n<\/ol>\n<p class=\"p2\"><b>Consentimiento<\/b><\/p>\n<p class=\"p2\">SPL no recopilar\u00e1 ninguna informaci\u00f3n sobre usted que pueda identificarlo personalmente, como, por ejemplo, su nombre, direcci\u00f3n, n\u00famero de tel\u00e9fono o direcci\u00f3n de correo electr\u00f3nico (en adelante la \u201cInformaci\u00f3n Personal\u201d) a trav\u00e9s de nuestros sitios en internet, a menos que usted nos la brinde en forma voluntaria. Si usted no desea que recopilemos su Informaci\u00f3n Personal, por favor abst\u00e9ngase de entregarla.<\/p>\n<p class=\"p2\">En todos los casos que usted brinde Informaci\u00f3n Personal, y de acuerdo a la legislaci\u00f3n vigente, usted declara que la informaci\u00f3n brindada es cierta. En los casos que usted brinde a SPL su Informaci\u00f3n Personal, usted acepta y presta su consentimiento libre, expreso e informado para que dicha Informaci\u00f3n Personal sea utilizada con las finalidades descritas en esta Pol\u00edtica de Privacidad, y autoriza a que la misma sea tratada, almacenada, recopilada o cedida.<\/p>\n<p class=\"p2\">Asimismo, usted acepta y presta su consentimiento libre, expreso e informado con los t\u00e9rminos de la presente Pol\u00edtica de Privacidad.<\/p>\n<p class=\"p2\">El Usuario es responsable por la informaci\u00f3n que nos proporcione de terceros y de obtener todos los consentimientos de los titulares de dichos datos conforme lo exige la legislaci\u00f3n aplicable. SPL asegura que la informaci\u00f3n personal de terceros ser\u00e1 utilizada bajo estas mismas pol\u00edticas y condiciones.<\/p>\n<p class=\"p2\">El titular de los datos personales podr\u00e1 en todo momento ejercer los derechos otorgados por la Ley N\u00b0 19.628 y sus modificaciones posteriores. Espec\u00edficamente, podr\u00e1:<\/p>\n<ul class=\"ul1\">\n<li class=\"li2\">Solicitar informaci\u00f3n acerca de qu\u00e9 datos personales se mantienen registrados acerca de s\u00ed mismo;<\/li>\n<li class=\"li2\">Solicitar la eliminaci\u00f3n o cancelaci\u00f3n de los datos que haya entregado cuando as\u00ed lo desee;<\/li>\n<li class=\"li2\">Oponerse a que sus datos personales sean utilizados para fines estad\u00edsticos.<\/li>\n<\/ul>\n<p class=\"p2\"><b>Objeto de la Recopilaci\u00f3n de Informaci\u00f3n. <\/b><\/p>\n<p class=\"p2\">SPL recoge Informaci\u00f3n Personal en sus Sitios Web para mejorar la comunicaci\u00f3n con sus clientes y consumidores, al resolver dudas, requerimientos, reclamos sobre sus productos y servicios ofrecidos, actualizar la informaci\u00f3n de marketing de SPL, para proporcionar y operar los servicios de SPL, entregar soporte t\u00e9cnico a los Usuarios, para el cumplimiento con las leyes y otras regulaciones aplicables, entre otras cosas, mejorando as\u00ed la calidad del servicio entregado.<\/p>\n<p class=\"p2\">Adem\u00e1s, SPL puede recoger informaci\u00f3n para dar aviso y notificar sobre promociones, eventos, ofertas, anuncios o concursos que pueda ofrecer a sus clientes.<\/p>\n<p class=\"p2\">Asimismo informamos que SPL puede utilizar esa informaci\u00f3n conforme se indica a continuaci\u00f3n, salvo indicaci\u00f3n en contrario: puede guardar y procesar esa informaci\u00f3n para comprender mejor sus necesidades y saber c\u00f3mo mejorar sus productos y servicios; puede elaborar estad\u00edsticas en base a ella; puede crear bases de datos para b\u00fasquedas de otros usuarios; puede brindar esta informaci\u00f3n a otros usuarios para que estos se comuniquen con el Usuario ; y\/o puede utilizar esa informaci\u00f3n para comunicarse con el Usuario.<\/p>\n<p class=\"p2\">La Informaci\u00f3n Personal recogida tambi\u00e9n permite a SPL mejorar los canales de comunicaci\u00f3n que tiene con sus clientes, y mediante el feedback recibido, mejorar sus Sitios Web o sitios en redes sociales.<\/p>\n<p class=\"p2\">SPL asegura la confidencialidad de los datos personales que se registren como tales en nuestro sitio Web. La Compa\u00f1\u00eda podr\u00e1 efectuar tratamiento interno de datos personales respecto de aquellos que han sido entregados voluntariamente.<\/p>\n<p class=\"p2\">Los datos personales s\u00f3lo ser\u00e1n utilizados para el cumplimiento de los fines indicados al momento de la recopilaci\u00f3n o seg\u00fan lo establecido en esta Pol\u00edtica de Privacidad. SPL no comunicar\u00e1 ni transferir\u00e1 a terceros los datos personales sin el consentimiento expreso del titular. No obstante lo anterior, en caso de ser requerido judicialmente o por orden de autoridad competente al efecto, SPL proceder\u00e1 a hacer entrega de la informaci\u00f3n solicitada.<\/p>\n<p class=\"p2\">SPL tambi\u00e9n podr\u00e1 compartir la<span class=\"Apple-converted-space\">\u00a0 <\/span>Informaci\u00f3n Personal si fuese necesario a fin de ejercer sus derechos bajo los T\u00e9rminos y Condiciones (los que se encuentran disponibles en este <strong><span style=\"color: #005ea1\"><a style=\"color: #005ea1\" href=\"https:\/\/www.spl-latam.com\/chile\/terminos-y-condiciones\/\">link<\/a><\/span><\/strong>) y si esos datos personales pudieran resultar de utilidad para la protecci\u00f3n de derechos de terceros.<\/p>\n<p class=\"p2\">SPL adem\u00e1s, puede permitir el acceso a<span class=\"Apple-converted-space\">\u00a0 <\/span>la Informaci\u00f3n Personal a aquellos proveedores de servicios que se contraten para el cumplimiento de fines comerciales o de asistencia de SPL, tales como los mencionados en esta Pol\u00edtica de Privacidad. Estos proveedores de servicios externos a SPL al manejar la informaciones est\u00e1n obligados a cumplir con esta Pol\u00edtica de Privacidad y con toda ley relacionada al manejo y trato de Datos Personales. Estos proveedores solo pueden usar la Informaci\u00f3n Personal para prestar un servicio a SPL.<\/p>\n<p class=\"p2\">SPL podr\u00e1 comunicar a terceros informaci\u00f3n estad\u00edstica elaborada a partir de los datos personales de sus Usuarios, sin el consentimiento expreso del titular, cuando de dichos datos no sea posible identificar individualmente a los titulares, de conformidad a la Ley.<\/p>\n<p class=\"p2\">Adem\u00e1s SPL podr\u00e1 compartir con sus socios comerciales datos sobre el n\u00famero de visitas que tiene a sus Sitios Web y sobre el comportamiento de los usuarios dentro de aquellos.<\/p>\n<p class=\"p2\">SPL actualmente no vende, alquila ni comercializa a terceros Informaci\u00f3n Personal sobre sus clientes u Usuarios, ni tiene la intenci\u00f3n de hacerlo.<\/p>\n<p class=\"p2\"><b>Cookies<\/b><\/p>\n<p class=\"p2\">Los sitios web de SPL utilizan cookies, por lo que para mayor informaci\u00f3n respecto de las misma, puede hacer ingreso a la Pol\u00edtica de Cookies de Sociedad Punta de Lobos S.A. en el siguiente <a href=\"https:\/\/www.spl-latam.com\/chile\/politica-de-uso-de-cookies\/\">link<\/a>.<\/p>\n<p class=\"p2\"><b>Seguridad sobre la Informaci\u00f3n Personal <\/b><\/p>\n<p class=\"p2\">El Usuario y SPL reconocen que los medios t\u00e9cnicos existentes que brindan seguridad sobre la Informaci\u00f3n Personal no son inexpugnables, y que aun cuando se adopten todos los medios razonables de seguridad es posible sufrir manipulaciones, destrucci\u00f3n y\/o p\u00e9rdida de informaci\u00f3n.<\/p>\n<p class=\"p2\"><b>Comunidades<\/b><\/p>\n<p class=\"p2\">SPL por medio de sus sitios Web, le da a sus Usuarios la capacidad de participar en servicios abiertos al p\u00fablico, tales como foros de discusi\u00f3n, chats y eventos en vivo. SPL sugiere ser discreto al entregar Informaci\u00f3n Personal en estos sitios, tales como su nombre, el nombre que utiliza como miembro, direcci\u00f3n de correo electr\u00f3nico, etc. La informaci\u00f3n puede ser recopilada y utilizada por otros para mandar correos electr\u00f3nicos no deseados o para cualquier otro prop\u00f3sito. Estos servicios est\u00e1n abiertos al p\u00fablico, y lo que introduzca en ellos puede ser visto por cualquier persona y no est\u00e1 protegido. SPL no puede controlar los comentarios que el Usuario pueda recibir mientras participa en estos servicios. El Usuario podr\u00eda encontrar comentarios de otras personas que sean ofensivos, da\u00f1inos o inexactos.<\/p>\n<p class=\"p2\"><b>Promociones y Concursos<\/b><\/p>\n<p class=\"p2\">Este sitio puede ofrecer concursos, promociones o situaciones similares, las cuales se llevan a cabo<span class=\"Apple-converted-space\">\u00a0 <\/span>bajo sus reglas independientes que describir\u00e1n cada concurso o promoci\u00f3n. Estos concursos o promociones<span class=\"Apple-converted-space\">\u00a0 <\/span>pueden exigir requisitos de edad, estar limitados a \u00e1reas geogr\u00e1ficas determinadas u otras condiciones. Es responsabilidad del Usuario leer las reglas de cada concurso o promoci\u00f3n para determinar si puede o no participar, registrarse o ingresar a los mismos.<\/p>\n<p class=\"p2\">Al participar en cualquier concurso o promoci\u00f3n, se autoriza a SPL a utilizar el nombre, voz u otro dato personal asociado a la promoci\u00f3n o concurso.<\/p>\n<p class=\"p2\"><b>Privacidad de Menores<\/b><\/p>\n<p class=\"p2\">SPL no tiene la intenci\u00f3n de recopilar o no tiene el conocimiento actual de estar recopilando Informaci\u00f3n Personal de individuos menores de 18 a\u00f1os de edad. Cuando corresponda, SPL especificar\u00e1 e instruir\u00e1 que un menor de 18 a\u00f1o no haga entrega de Informaci\u00f3n Personal en cualquiera de los Sitios web de K+S.<\/p>\n<p class=\"p2\">Si un menor de 18 a\u00f1os entreg\u00f3 Informaci\u00f3n Personal a SPL, los respectivos padres, tutores legales o representantes del menor, pueden solicitar a SPL que dicha informaci\u00f3n sea eliminada de los registros de la empresa. Para aquello es necesario contactarse con el Departamento Legal de SPL en Avenida Costanera Sur Rio Mapocho N\u00b0 2730, oficina 601, Las Condes, Santiago o enviado un correo electr\u00f3nico a la siguiente direcci\u00f3n: contacto@spl-latam.com.<\/p>\n<p class=\"p2\"><b>Links Externos<\/b><\/p>\n<p class=\"p2\">Algunos sitios de Internet de SPL contienen links hacia y provenientes de otros sitios de Internet. SPL no es responsable por las pr\u00e1cticas de privacidad de esos sitios, salvo lo dispuesto en el apartado \u201cRecopilaci\u00f3n y Utilizaci\u00f3n de su Informaci\u00f3n\u201d de la presente Pol\u00edtica de Privacidad respecto de cualquier sitio accesible mediante un enlace, link o v\u00ednculo similar desde dichas p\u00e1ginas web, que sea propiedad de SPL. SPL lo alienta a que averig\u00fce las pr\u00e1cticas de privacidad de dichos sitios de Internet.<\/p>\n<p class=\"p2\"><b>Manteniendo Actualizada su Informaci\u00f3n<\/b><\/p>\n<p class=\"p2\">De conformidad con la legislaci\u00f3n vigente, el Usuario podr\u00e1 solicitar el ejercicio de su derecho de acceso, rectificaci\u00f3n o eliminaci\u00f3n de su Informaci\u00f3n Personal. De esta manera, el Usuario tiene la opci\u00f3n de enviar un correo electr\u00f3nico para pedir un cambio de su informaci\u00f3n o una copia de su Informaci\u00f3n Personal que hayamos recolectado en l\u00ednea.<\/p>\n<p class=\"p2\">Si los datos son incorrectos, desea actualizarlos y\/o eliminarlos, SPL corregir\u00e1, actualizar\u00e1 y\/o eliminar\u00e1 esa informaci\u00f3n sin costo alguno. Para ello, es necesario enviar un correo electr\u00f3nico a <a href=\"mailto:contacto@spl-latam.com\"><span class=\"s3\">contacto@spl-latam.com<\/span><\/a> con el objeto del requerimiento.<span class=\"Apple-converted-space\">\u00a0 \u00a0<\/span><\/p>\n<p class=\"p2\">SPL har\u00e1 todos los esfuerzos razonables para que las solicitudes sean cumplidas.<\/p>\n<p class=\"p2\"><b>Contacto SPL y Vigilancia<\/b><\/p>\n<p class=\"p2\">Si el Usuario tiene preguntas sobre su privacidad cuando usa el Sitio por favor contactarse al correo electr\u00f3nico: <a href=\"https:\/\/www.spl-latam.com\/chile\/terminos-y-condiciones\/\">contacto@spl-latam.com<\/a>.<\/p>\n<p class=\"p2\"><b>Cambios a la Pol\u00edtica de Privacidad de SPL<\/b><\/p>\n<p class=\"p2\">SPL se reserva el derecho a modificar esta pol\u00edtica de privacidad peri\u00f3dicamente. El Usuario se compromete a revisar regularmente esta Pol\u00edtica de Privacidad a fin de informarse de cualquier cambio que se pueda haber producido.<\/p>\n<p class=\"p2\"><b>Fecha: 13 de abril de 2021. <\/b><\/p>\n","protected":false},"excerpt":{"rendered":"<p>Informaci\u00f3n Personal Por informaci\u00f3n personal entendemos: Informaci\u00f3n que lo identifica a usted o a su empresa, como: nombre o raz\u00f3n social, fecha de nacimiento, tel\u00e9fono, direcci\u00f3n, direcci\u00f3n de correo electr\u00f3nico, n\u00famero de c\u00e9dula de identidad o RUT, o cualquier otra informaci\u00f3n que permita individualizarlo. Informaci\u00f3n comercial, incluida informaci\u00f3n de nuestros productos adquiridas por el consumidor [&hellip;]<\/p>\n","protected":false},"author":2,"featured_media":0,"parent":0,"menu_order":0,"comment_status":"closed","ping_status":"closed","template":"","meta":{"_acf_changed":false,"footnotes":""},"tags":[],"class_list":["post-6141","page","type-page","status-publish","hentry"],"acf":[],"yoast_head":"<!-- This site is optimized with the Yoast SEO plugin v27.2 - https:\/\/yoast.com\/product\/yoast-seo-wordpress\/ -->\n<title>Pol\u00edtica de Privacidad - SPL Chile<\/title>\n<meta name=\"robots\" content=\"index, follow, max-snippet:-1, max-image-preview:large, max-video-preview:-1\" \/>\n<link rel=\"canonical\" href=\"https:\/\/www.spl-latam.com\/chile\/politica-de-privacidad\/\" \/>\n<meta property=\"og:locale\" content=\"es_ES\" \/>\n<meta property=\"og:type\" content=\"article\" \/>\n<meta property=\"og:title\" content=\"Pol\u00edtica de Privacidad - SPL Chile\" \/>\n<meta property=\"og:description\" content=\"Informaci\u00f3n Personal Por informaci\u00f3n personal entendemos: Informaci\u00f3n que lo identifica a usted o a su empresa, como: nombre o raz\u00f3n social, fecha de nacimiento, tel\u00e9fono, direcci\u00f3n, direcci\u00f3n de correo electr\u00f3nico, n\u00famero de c\u00e9dula de identidad o RUT, o cualquier otra informaci\u00f3n que permita individualizarlo. Informaci\u00f3n comercial, incluida informaci\u00f3n de nuestros productos adquiridas por el consumidor [&hellip;]\" \/>\n<meta property=\"og:url\" content=\"https:\/\/www.spl-latam.com\/chile\/politica-de-privacidad\/\" \/>\n<meta property=\"og:site_name\" content=\"SPL Chile\" \/>\n<meta property=\"article:publisher\" content=\"https:\/\/www.facebook.com\/SalLobos\" \/>\n<meta property=\"article:modified_time\" content=\"2021-06-04T20:06:21+00:00\" \/>\n<meta name=\"twitter:card\" content=\"summary_large_image\" \/>\n<meta name=\"twitter:label1\" content=\"Tiempo de lectura\" \/>\n\t<meta name=\"twitter:data1\" content=\"7 minutos\" \/>\n<script type=\"application\/ld+json\" class=\"yoast-schema-graph\">{\"@context\":\"https:\/\/schema.org\",\"@graph\":[{\"@type\":\"WebPage\",\"@id\":\"https:\/\/www.spl-latam.com\/chile\/politica-de-privacidad\/\",\"url\":\"https:\/\/www.spl-latam.com\/chile\/politica-de-privacidad\/\",\"name\":\"Pol\u00edtica de Privacidad - SPL Chile\",\"isPartOf\":{\"@id\":\"https:\/\/www.spl-latam.com\/chile\/#website\"},\"datePublished\":\"2020-06-18T18:53:58+00:00\",\"dateModified\":\"2021-06-04T20:06:21+00:00\",\"breadcrumb\":{\"@id\":\"https:\/\/www.spl-latam.com\/chile\/politica-de-privacidad\/#breadcrumb\"},\"inLanguage\":\"es\",\"potentialAction\":[{\"@type\":\"ReadAction\",\"target\":[\"https:\/\/www.spl-latam.com\/chile\/politica-de-privacidad\/\"]}]},{\"@type\":\"BreadcrumbList\",\"@id\":\"https:\/\/www.spl-latam.com\/chile\/politica-de-privacidad\/#breadcrumb\",\"itemListElement\":[{\"@type\":\"ListItem\",\"position\":1,\"name\":\"Home\",\"item\":\"https:\/\/www.spl-latam.com\/chile\/\"},{\"@type\":\"ListItem\",\"position\":2,\"name\":\"Pol\u00edtica de Privacidad\"}]},{\"@type\":\"WebSite\",\"@id\":\"https:\/\/www.spl-latam.com\/chile\/#website\",\"url\":\"https:\/\/www.spl-latam.com\/chile\/\",\"name\":\"SPL Chile\",\"description\":\"L\u00edder mundial en comercializaci\u00f3n de Sal\",\"publisher\":{\"@id\":\"https:\/\/www.spl-latam.com\/chile\/#organization\"},\"potentialAction\":[{\"@type\":\"SearchAction\",\"target\":{\"@type\":\"EntryPoint\",\"urlTemplate\":\"https:\/\/www.spl-latam.com\/chile\/?s={search_term_string}\"},\"query-input\":{\"@type\":\"PropertyValueSpecification\",\"valueRequired\":true,\"valueName\":\"search_term_string\"}}],\"inLanguage\":\"es\"},{\"@type\":\"Organization\",\"@id\":\"https:\/\/www.spl-latam.com\/chile\/#organization\",\"name\":\"Sociedad Punta de Lobos S.A.\",\"url\":\"https:\/\/www.spl-latam.com\/chile\/\",\"logo\":{\"@type\":\"ImageObject\",\"inLanguage\":\"es\",\"@id\":\"https:\/\/www.spl-latam.com\/chile\/#\/schema\/logo\/image\/\",\"url\":\"https:\/\/www.spl-latam.com\/wp-content\/\/uploads\/sites\/2\/2023\/08\/cropped-fondo-blanco.png\",\"contentUrl\":\"https:\/\/www.spl-latam.com\/wp-content\/\/uploads\/sites\/2\/2023\/08\/cropped-fondo-blanco.png\",\"width\":512,\"height\":512,\"caption\":\"Sociedad Punta de Lobos S.A.\"},\"image\":{\"@id\":\"https:\/\/www.spl-latam.com\/chile\/#\/schema\/logo\/image\/\"},\"sameAs\":[\"https:\/\/www.facebook.com\/SalLobos\",\"https:\/\/www.instagram.com\/sal_lobos\/\",\"https:\/\/www.linkedin.com\/company\/sociedad-punta-de-lobos\/?originalSubdomain=cl\"]}]}<\/script>\n<!-- \/ Yoast SEO plugin. -->","yoast_head_json":{"title":"Pol\u00edtica de Privacidad - SPL Chile","robots":{"index":"index","follow":"follow","max-snippet":"max-snippet:-1","max-image-preview":"max-image-preview:large","max-video-preview":"max-video-preview:-1"},"canonical":"https:\/\/www.spl-latam.com\/chile\/politica-de-privacidad\/","og_locale":"es_ES","og_type":"article","og_title":"Pol\u00edtica de Privacidad - SPL Chile","og_description":"Informaci\u00f3n Personal Por informaci\u00f3n personal entendemos: Informaci\u00f3n que lo identifica a usted o a su empresa, como: nombre o raz\u00f3n social, fecha de nacimiento, tel\u00e9fono, direcci\u00f3n, direcci\u00f3n de correo electr\u00f3nico, n\u00famero de c\u00e9dula de identidad o RUT, o cualquier otra informaci\u00f3n que permita individualizarlo. Informaci\u00f3n comercial, incluida informaci\u00f3n de nuestros productos adquiridas por el consumidor [&hellip;]","og_url":"https:\/\/www.spl-latam.com\/chile\/politica-de-privacidad\/","og_site_name":"SPL Chile","article_publisher":"https:\/\/www.facebook.com\/SalLobos","article_modified_time":"2021-06-04T20:06:21+00:00","twitter_card":"summary_large_image","twitter_misc":{"Tiempo de lectura":"7 minutos"},"schema":{"@context":"https:\/\/schema.org","@graph":[{"@type":"WebPage","@id":"https:\/\/www.spl-latam.com\/chile\/politica-de-privacidad\/","url":"https:\/\/www.spl-latam.com\/chile\/politica-de-privacidad\/","name":"Pol\u00edtica de Privacidad - SPL Chile","isPartOf":{"@id":"https:\/\/www.spl-latam.com\/chile\/#website"},"datePublished":"2020-06-18T18:53:58+00:00","dateModified":"2021-06-04T20:06:21+00:00","breadcrumb":{"@id":"https:\/\/www.spl-latam.com\/chile\/politica-de-privacidad\/#breadcrumb"},"inLanguage":"es","potentialAction":[{"@type":"ReadAction","target":["https:\/\/www.spl-latam.com\/chile\/politica-de-privacidad\/"]}]},{"@type":"BreadcrumbList","@id":"https:\/\/www.spl-latam.com\/chile\/politica-de-privacidad\/#breadcrumb","itemListElement":[{"@type":"ListItem","position":1,"name":"Home","item":"https:\/\/www.spl-latam.com\/chile\/"},{"@type":"ListItem","position":2,"name":"Pol\u00edtica de Privacidad"}]},{"@type":"WebSite","@id":"https:\/\/www.spl-latam.com\/chile\/#website","url":"https:\/\/www.spl-latam.com\/chile\/","name":"SPL Chile","description":"L\u00edder mundial en comercializaci\u00f3n de Sal","publisher":{"@id":"https:\/\/www.spl-latam.com\/chile\/#organization"},"potentialAction":[{"@type":"SearchAction","target":{"@type":"EntryPoint","urlTemplate":"https:\/\/www.spl-latam.com\/chile\/?s={search_term_string}"},"query-input":{"@type":"PropertyValueSpecification","valueRequired":true,"valueName":"search_term_string"}}],"inLanguage":"es"},{"@type":"Organization","@id":"https:\/\/www.spl-latam.com\/chile\/#organization","name":"Sociedad Punta de Lobos S.A.","url":"https:\/\/www.spl-latam.com\/chile\/","logo":{"@type":"ImageObject","inLanguage":"es","@id":"https:\/\/www.spl-latam.com\/chile\/#\/schema\/logo\/image\/","url":"https:\/\/www.spl-latam.com\/wp-content\/\/uploads\/sites\/2\/2023\/08\/cropped-fondo-blanco.png","contentUrl":"https:\/\/www.spl-latam.com\/wp-content\/\/uploads\/sites\/2\/2023\/08\/cropped-fondo-blanco.png","width":512,"height":512,"caption":"Sociedad Punta de Lobos S.A."},"image":{"@id":"https:\/\/www.spl-latam.com\/chile\/#\/schema\/logo\/image\/"},"sameAs":["https:\/\/www.facebook.com\/SalLobos","https:\/\/www.instagram.com\/sal_lobos\/","https:\/\/www.linkedin.com\/company\/sociedad-punta-de-lobos\/?originalSubdomain=cl"]}]}},"_links":{"self":[{"href":"https:\/\/www.spl-latam.com\/chile\/wp-json\/wp\/v2\/pages\/6141","targetHints":{"allow":["GET"]}}],"collection":[{"href":"https:\/\/www.spl-latam.com\/chile\/wp-json\/wp\/v2\/pages"}],"about":[{"href":"https:\/\/www.spl-latam.com\/chile\/wp-json\/wp\/v2\/types\/page"}],"author":[{"embeddable":true,"href":"https:\/\/www.spl-latam.com\/chile\/wp-json\/wp\/v2\/users\/2"}],"replies":[{"embeddable":true,"href":"https:\/\/www.spl-latam.com\/chile\/wp-json\/wp\/v2\/comments?post=6141"}],"version-history":[{"count":9,"href":"https:\/\/www.spl-latam.com\/chile\/wp-json\/wp\/v2\/pages\/6141\/revisions"}],"predecessor-version":[{"id":8316,"href":"https:\/\/www.spl-latam.com\/chile\/wp-json\/wp\/v2\/pages\/6141\/revisions\/8316"}],"wp:attachment":[{"href":"https:\/\/www.spl-latam.com\/chile\/wp-json\/wp\/v2\/media?parent=6141"}],"wp:term":[{"taxonomy":"post_tag","embeddable":true,"href":"https:\/\/www.spl-latam.com\/chile\/wp-json\/wp\/v2\/tags?post=6141"}],"curies":[{"name":"wp","href":"https:\/\/api.w.org\/{rel}","templated":true}]}}