{"id":719,"date":"2020-04-14T04:22:43","date_gmt":"2020-04-14T04:22:43","guid":{"rendered":"https:\/\/www.spl-latam.com\/chile\/?page_id=719"},"modified":"2021-05-19T20:48:02","modified_gmt":"2021-05-20T00:48:02","slug":"terminos-y-condiciones","status":"publish","type":"page","link":"https:\/\/www.spl-latam.com\/chile\/terminos-y-condiciones\/","title":{"rendered":"T\u00e9rminos y Condiciones"},"content":{"rendered":"<p class=\"p2\"><b>Derechos de Propiedad de SPL<\/b><\/p>\n<p class=\"p2\">Tanto el Sitio como todos los contenidos provistos por SPL, incluyendo, pero no limitado, a cualquier documentaci\u00f3n, archivo, material, aplicaci\u00f3n, textos, im\u00e1genes, ficheros, fotograf\u00edas, logotipos, gr\u00e1ficos, marcas, iconos, combinaciones de colores, o cualquier otro elemento, su estructura y dise\u00f1o, la selecci\u00f3n y forma de presentaci\u00f3n de los materiales incluidos en la misma, y el software y herramientas, links y dem\u00e1s contenidos audiovisuales o sonoros, as\u00ed como su dise\u00f1o gr\u00e1fico y c\u00f3digos, fuentes, o cualquier tipo de obra o idea; son de propiedad de SPL o de terceros, y constituyen una obra en el sentido de la legislaci\u00f3n sobre propiedad intelectual e industrial, y se encuentra protegida bajo las leyes aplicables de propiedad intelectual e industrial y de cualquier otra naturaleza, sin que puedan entenderse cedidos o autorizados los derechos de explotaci\u00f3n sobre los mismos m\u00e1s all\u00e1 de lo estrictamente necesario para el correcto uso del Sitio. Asimismo, quedan incluidas dentro del mismo reconocimiento las publicaciones, publicidades o informaci\u00f3n incorporadas al Sitio por anunciantes o terceras partes.<\/p>\n<p class=\"p2\">Sin perjuicio de la reproducci\u00f3n temporal de los contenidos referidos en el p\u00e1rrafo anterior, s\u00f3lo para efectos del correcto acceso y utilizaci\u00f3n del Sitio de acuerdo a estos T\u00e9rminos y Condiciones, queda expresamente prohibida y son consideradas un delito seg\u00fan los t\u00e9rminos de la Ley N\u00b0 17.336 de Propiedad Intelectual, cuando corresponda, cualquier forma de reproducci\u00f3n, distribuci\u00f3n, exhibici\u00f3n, transmisi\u00f3n, retransmisi\u00f3n, emisi\u00f3n en cualquier forma, almacenamiento en cualquier forma, digitalizaci\u00f3n, puesta a disposici\u00f3n, traducci\u00f3n, adaptaci\u00f3n, arreglo, comunicaci\u00f3n p\u00fablica o cualquier otro tipo de acto por el cual el Usuario pueda servirse comercial o no comercialmente, directa o indirectamente, en su totalidad o parcialmente de cualquiera de los contenidos de las obras sujetas a los derechos descriptos anteriormente. El incumplimiento de lo se\u00f1alado dar\u00e1 lugar a la aplicaci\u00f3n de las sanciones penales y civiles que correspondan.<\/p>\n<p class=\"p2\"><b>Marcas Registradas<\/b><\/p>\n<p class=\"p2\">Las marcas Sal Lobos, Biosal, Sal Parrillera, Sal de Mar Lobos, Lobos Industrial, denominaciones comerciales y\/o signos distintivos, son de propiedad de Sociedad Punta de Lobos S.A. El Usuario tiene prohibido usar de cualquier manera, las marcas, denominaciones comerciales y signos distintivos de SPL.<\/p>\n<p class=\"p2\"><b>Hiperv\u00ednculos <\/b><\/p>\n<p class=\"p2\">El sitio puede incluir hiperv\u00ednculos que dirigen al Usuario a otro sitios web independientes. SPL no ser\u00e1 responsable por el estado ni contenidos de los sitios web y\/o p\u00e1ginas gestionadas por terceros a que conduzcan o a los que se pueda acceder directa o indirectamente a trav\u00e9s de enlaces, links, hiperv\u00ednculos, framing u otros v\u00ednculos similares que se encuentran en el Sitio, como tampoco de los servicios ni de los productos o bienes que terceras personas puedan proveer, anunciar, publicitar, ofrecer o proveer en sitios web a los que se puede acceder desde el Sitio. El acceso a dichos sitios web y\/o p\u00e1ginas gestionadas por terceros a trav\u00e9s del Sitio de ninguna manera implica que SPL recomiende o apruebe sus contenidos.<\/p>\n<p class=\"p2\">SPL puede autorizar la creaci\u00f3n de links para este Sitio, siempre y cuando aquello no implique asociaci\u00f3n, afiliaci\u00f3n o patrocinio.<\/p>\n<p class=\"p2\">Antes de la creaci\u00f3n de un hiperv\u00ednculo para este Sitio, se requiere de la autorizaci\u00f3n por escrito de SPL.<\/p>\n<p class=\"p2\"><b>Responsabilidad del Usuario<\/b><\/p>\n<p class=\"p2\">a) Tanto el acceso y uso del Sitio, como el uso de la informaci\u00f3n y contenidos incluidos en el mismo, ser\u00e1n de exclusiva responsabilidad del Usuario. Por tanto, el uso que pueda hacerse de la informaci\u00f3n, im\u00e1genes, contenidos y\/o productos ofertados y accesibles a trav\u00e9s del mismo, estar\u00e1 supeditada a la ley aplicable, moral y orden p\u00fablico, as\u00ed como a los principios de buena fe y uso l\u00edcito por parte del Usuario, siendo \u00e9ste enteramente responsable de dicho acceso y correcto uso.<\/p>\n<p class=\"p2\">b) El Usuario es el \u00fanico responsable por cualquier informaci\u00f3n, dato, texto, fotograf\u00eda, video, m\u00fasica, sonido, software o cualquier otro tipo de obra o expresi\u00f3n que publique o transmita en el Sitio.<\/p>\n<p class=\"p2\">c) El Usuario deber\u00e1 cumplir con toda la normativa aplicable, local, nacional e internacional.<\/p>\n<p class=\"p2\">d) Se encuentra terminantemente prohibido el uso del Sitio con fines ilegales, no autorizados o prohibidos.<\/p>\n<p class=\"p2\"><b>Contenido Presentado<\/b><\/p>\n<p class=\"p2\">Este Sitio puede entregarle al Usuario la oportunidad de presentar, postear, exhibir, transmitir, publicar, distribuir o emitir contenidos y materiales a SPL en este Sitio o sitios de terceros, incluyendo, a mero modo de ejemplo y sin limitarlo a, fotograf\u00edas, escritos, m\u00fasica, video, datos, preguntas, comentarios, sugerencias o informaci\u00f3n de car\u00e1cter personal, que en su conjunto se denominara \u201cContenido de Usuario\u201d.<\/p>\n<p class=\"p2\">Resguardando y complementando lo determinado en la Pol\u00edtica de Privacidad de SPL (incluir link), el Usuario acepta que el Contenido de Usuario presentado no es confidencial, es de car\u00e1cter p\u00fablico y que no ser\u00e1 restituido.<\/p>\n<p class=\"p2\">Mediante la presentaci\u00f3n de cualquier Contenido de Usuario, el Usuario otorga irrevocablemente a favor de SPL una licencia perpetua e irrevocable para su uso, copia, reproducci\u00f3n, distribuci\u00f3n, exhibici\u00f3n, revelaci\u00f3n, venta, publicaci\u00f3n, transmisi\u00f3n, retransmisi\u00f3n, comercializaci\u00f3n, emisi\u00f3n, almacenamiento, digitalizaci\u00f3n, puesta a disposici\u00f3n, archivo,<span class=\"Apple-converted-space\">\u00a0 <\/span>traducci\u00f3n, adaptaci\u00f3n, modificaci\u00f3n, arreglo o cualquier otra modificaci\u00f3n u explotaci\u00f3n<span class=\"Apple-converted-space\">\u00a0 <\/span>sobre dicho contenido. Asimismo, se entender\u00e1 que dicha autorizaci\u00f3n se hace a t\u00edtulo gratuito y que el Usuario renuncia expresamente a cualquier pretensi\u00f3n remuneratoria por parte de SPL al momento de incorporar, transmitir o enviar dicho Contenido de Usuario al Sitio.<\/p>\n<p class=\"p2\">En vista de lo anterior, el usuario reconoce y declara:<\/p>\n<ol class=\"ol1\">\n<li class=\"li2\">Ser due\u00f1o de todos los derechos de cualquier Contenido de Usuario que presente;<\/li>\n<li class=\"li2\">Gozar de todos los derechos y licencias sobre este Contenido de Usuario y cederlos a trav\u00e9s de estos T\u00e9rminos y Condiciones a SPL;<\/li>\n<li class=\"li2\">Tener todas las licencias y autorizaciones de los due\u00f1os de los derechos del Contenido de Usuario, en caso de que el Usuario no sea el propietario de los mismos, para as\u00ed ser presentados en este Sitio y otorgar a SPL las licencias respectivas por medio de estos T\u00e9rminos y Condiciones.<\/li>\n<li class=\"li2\">Al ser requerido por SPL, deber\u00e1 entregar cualquier documentaci\u00f3n, declaraci\u00f3n o confirmaci\u00f3n necesaria para verificar la conformidad y aceptaci\u00f3n de estos T\u00e9rminos y Condiciones.<\/li>\n<li class=\"li2\">Comprender que internet puede ser objeto de fallas en seguridad u objeto de problemas similares que pueden hacer que el Contenido de Usuario u otra informaci\u00f3n no est\u00e9 segura, por lo que esta consiente de esta realidad al momento de presentar el Contenido de Usuario en este Sitio o sitio derivado de la navegaci\u00f3n por este Sitio.<\/li>\n<\/ol>\n<p class=\"p2\">El Usuario no podr\u00e1 presentar material que sea amenazador, violento, abusivo, degradador, fraudulento, o viole derechos de propiedad intelectual y industrial de terceros, y en definitiva que sea contrario a cualquier ley, nacional o internacional.<span class=\"Apple-converted-space\">\u00a0 <\/span>Teniendo en cuenta lo expuesto anteriormente, SPL estar\u00e1 facultada para perseguir y exigir indemnizaci\u00f3n de parte de aquellos Usuarios que hayan prove\u00eddo informaci\u00f3n, archivos u otros como los mencionados anteriormente y cuyos contenidos infrinjan derechos de terceros, cualquiera fuese su naturaleza.<\/p>\n<p class=\"p2\">SPL monitorea y revisa el Contenido de Usuario presentado, pero no asume responsabilidad respecto del contenido del mismo, en el caso que este sea contrario a cualquier ley u viole derechos de terceros.<\/p>\n<p class=\"p2\"><b>Concursos y Promociones<\/b><\/p>\n<p class=\"p2\">Este sitio puede ofrecer concursos, promociones o situaciones similares, las cuales se llevan a cabo<span class=\"Apple-converted-space\">\u00a0 <\/span>bajo sus reglas independientes que describir\u00e1n cada concurso o promoci\u00f3n. Estos concursos o promociones<span class=\"Apple-converted-space\">\u00a0 <\/span>pueden exigir requisitos de edad, estar limitados a \u00e1reas geogr\u00e1ficas determinadas u otras condiciones. Es responsabilidad del Usuario leer las reglas de cada concurso o promoci\u00f3n para determinar si puede o no participar, registrarse o ingresar a los mismos. <b> <\/b><\/p>\n<p class=\"p2\"><b>Informaci\u00f3n Entregada<\/b><\/p>\n<p class=\"p2\">SPL permite el ingreso a este Sitio y entrega la informaci\u00f3n del mismo de forma gratuita, seg\u00fan las precisiones de estos T\u00e9rminos y Condiciones. El sitio se proporciona sobre la base de \u00abtal cual\u00bb.<\/p>\n<p class=\"p2\">SPL hace un esfuerzo razonable para entregar informaci\u00f3n precisa y actualizada pero no garantiza ni asegura la precisi\u00f3n, idoneidad, integridad o veracidad de cualquier tipo de informaci\u00f3n disponible en el Sitio incluyendo la obtenida del propio SPL.<\/p>\n<p class=\"p2\">SPL tiene la m\u00e1s plena y absoluta discreci\u00f3n para preseleccionar, rechazar, remover y\/o modificar cualquier contenido del Sitio, y ello no le dar\u00e1 al Usuario derecho a reclamar ninguna indemnizaci\u00f3n ni la har\u00e1 responsable frente al Usuario ni frente a ning\u00fan tercero por ning\u00fan concepto, ante cualquiera de estas circunstancias<\/p>\n<p class=\"p2\">El Usuario asume todos los riesgos asociados con el uso de cualquier contenido, incluyendo veracidad, completitud, integridad o utilidad del mismo.<\/p>\n<p class=\"p2\"><b>Limitaci\u00f3n de Responsabilidad<\/b><\/p>\n<p class=\"p2\">SPL no incurrir\u00e1 en responsabilidad en caso de que existan interrupciones o un mal funcionamiento de los servicios y\/o contenidos ofrecidos en el Sitio, sin importar la causa, magnitud o tiempo. Asimismo, SPL no se hace responsable por ca\u00eddas de la red, p\u00e9rdidas de negocio a consecuencia de dichas ca\u00eddas, o cualquier otro tipo de da\u00f1o de cualquier naturaleza, ya sea emergente o lucro cesante, que pueda ser causado a los Usuarios como consecuencia del acceso y\/o utilizaci\u00f3n del Sitio.<\/p>\n<p class=\"p2\">El Usuario utiliza el Sitio bajo su propio riesgo. SPL o cualquier parte que participe en la creaci\u00f3n o desarrollo de este Sitio, no ser\u00e1 responsable de cualquier da\u00f1o o lesi\u00f3n que se produzca al Usuario por el acceso y uso del Sitio, o inhabilidad de acceso al mismo, o descargas que se hagan del contenido del Sitio.<span class=\"Apple-converted-space\">\u00a0 <\/span>Asimismo, no ser\u00e1 responsable frente al Usuario ni frente a ning\u00fan tercero por los da\u00f1os, infracciones, delitos, contravenciones o cualquier otra clase de il\u00edcitos que pudieran cometerse, ya sea trate de derechos de propiedad intelectual, al honor y reputaci\u00f3n de las personas, sus datos personales, crediticios, derechos del consumidor, ni cualquier otro derecho que pudiera ser vulnerado como consecuencias del mal uso del Sitio por parte de los Usuarios.<\/p>\n<p class=\"p2\"><b>INDEMNIDAD DE LA COMPA\u00d1\u00cdA<\/b><\/p>\n<p class=\"p2\">El Usuario se obliga a indemnizar y mantener indemne y libre de da\u00f1os a SPL, sus subsidiarias, controladores y\/o empresas vinculadas de y contra toda y cualquier acci\u00f3n o juicio de responsabilidad, reclamo, denuncia, investigaciones, penalidad, intereses, costos, gastos, multas, honorarios, iniciado por terceros debido a o con origen de manera directa o indirecta a:<\/p>\n<ul class=\"ul1\">\n<li class=\"li2\">Cualquiera de sus acciones u actividades en el Sitio;<\/li>\n<li class=\"li2\">Contenido de Usuario presentado;<\/li>\n<li class=\"li2\">Violaci\u00f3n de estos T\u00e9rminos y Condiciones;<\/li>\n<li class=\"li2\">Violaci\u00f3n a cualquier ley o regulaci\u00f3n al usar el Sitio;<\/li>\n<\/ul>\n<p class=\"p2\">El Usuario cooperara con la defensa de cualquiera de estas acciones en contra de SPL.<\/p>\n<p class=\"p2\"><b>Legislaci\u00f3n y Jurisdicci\u00f3n <\/b><\/p>\n<p class=\"p2\">Los presentes T\u00e9rminos y Condiciones, as\u00ed como la relaci\u00f3n entre el Usuario y SPL est\u00e1n regidos por las leyes de la Rep\u00fablica de Chile.<\/p>\n<p class=\"p2\">Cualquier divergencia entre el Usuario y SPL relacionada con el Sitio se someter\u00e1 al conocimiento y jurisdicci\u00f3n de los Tribunales de la Ciudad de Santiago de Chile, con exclusi\u00f3n de cualquier otra competencia o jurisdicci\u00f3n que pudiera corresponder.<\/p>\n<p class=\"p2\">Se deja expresa constancia que el acceso y utilizaci\u00f3n del Sitio y sus servicios y\/o contenidos est\u00e1n prohibidos en todas aquellas jurisdicciones que no reconozcan la efectividad de los presentes T\u00e9rminos y Condiciones.<\/p>\n<p class=\"p2\">La utilizaci\u00f3n que el Usuario realice del Sitio no establecer\u00e1 entre \u00e9l y la Compa\u00f1\u00eda una relaci\u00f3n del tipo de consumo.<\/p>\n<p class=\"p2\"><b>Integridad del Acuerdo <\/b><\/p>\n<p class=\"p2\">Estos T\u00e9rminos y Condiciones constituyen la totalidad del acuerdo entre el Usuario y SPL con relaci\u00f3n a este Sitio.<\/p>\n<p class=\"p2\">Si cualquier parte de estos T\u00e9rminos y Condiciones es declarada nula o invalida, la parte restante de los mismo seguir\u00e1n plenamente vigentes.<\/p>\n<p class=\"p2\">Todas las condiciones estipuladas respecto de SPL en los presentes T\u00e9rminos y Condiciones se aplican tambi\u00e9n a sus sociedades contratantes, controladoras, controladas o vinculadas bajo su control com\u00fan<\/p>\n<p class=\"p2\"><b>Revisi\u00f3n de los T\u00e9rminos y Condiciones<\/b><\/p>\n<p class=\"p2\">SPL se reserva el derecho de revisar, actualizar, o modificar estos T\u00e9rminos en cualquier momento y por cualquier motivo, sin necesidad de notificaci\u00f3n u aviso. Adem\u00e1s, SPL se reserva el derecho de hacer cambios en cualquier momento, sin aviso previo u obligaci\u00f3n de aviso, a cualquier informaci\u00f3n contenida en este Sitio.<\/p>\n<p class=\"p2\">Al entrar a este Sitio, el Usuario reconoce y acepta lo determinado en el p\u00e1rrafo anterior. Por lo mismo, se recomienda al Usuario leer regularmente estos T\u00e9rminos y Condiciones.<\/p>\n<p class=\"p2\"><b>Fecha: 13 de abril de 2021. <\/b><\/p>\n","protected":false},"excerpt":{"rendered":"<p>Derechos de Propiedad de SPL Tanto el Sitio como todos los contenidos provistos por SPL, incluyendo, pero no limitado, a cualquier documentaci\u00f3n, archivo, material, aplicaci\u00f3n, textos, im\u00e1genes, ficheros, fotograf\u00edas, logotipos, gr\u00e1ficos, marcas, iconos, combinaciones de colores, o cualquier otro elemento, su estructura y dise\u00f1o, la selecci\u00f3n y forma de presentaci\u00f3n de los materiales incluidos en [&hellip;]<\/p>\n","protected":false},"author":2,"featured_media":0,"parent":0,"menu_order":0,"comment_status":"closed","ping_status":"closed","template":"","meta":{"_acf_changed":false,"footnotes":""},"tags":[],"class_list":["post-719","page","type-page","status-publish","hentry"],"acf":[],"yoast_head":"<!-- This site is optimized with the Yoast SEO plugin v27.2 - https:\/\/yoast.com\/product\/yoast-seo-wordpress\/ -->\n<title>T\u00e9rminos y Condiciones - SPL Chile<\/title>\n<meta name=\"robots\" content=\"index, follow, max-snippet:-1, max-image-preview:large, max-video-preview:-1\" \/>\n<link rel=\"canonical\" href=\"https:\/\/www.spl-latam.com\/chile\/terminos-y-condiciones\/\" \/>\n<meta property=\"og:locale\" content=\"es_ES\" \/>\n<meta property=\"og:type\" content=\"article\" \/>\n<meta property=\"og:title\" content=\"T\u00e9rminos y Condiciones - SPL Chile\" \/>\n<meta property=\"og:description\" content=\"Derechos de Propiedad de SPL Tanto el Sitio como todos los contenidos provistos por SPL, incluyendo, pero no limitado, a cualquier documentaci\u00f3n, archivo, material, aplicaci\u00f3n, textos, im\u00e1genes, ficheros, fotograf\u00edas, logotipos, gr\u00e1ficos, marcas, iconos, combinaciones de colores, o cualquier otro elemento, su estructura y dise\u00f1o, la selecci\u00f3n y forma de presentaci\u00f3n de los materiales incluidos en [&hellip;]\" \/>\n<meta property=\"og:url\" content=\"https:\/\/www.spl-latam.com\/chile\/terminos-y-condiciones\/\" \/>\n<meta property=\"og:site_name\" content=\"SPL Chile\" \/>\n<meta property=\"article:publisher\" content=\"https:\/\/www.facebook.com\/SalLobos\" \/>\n<meta property=\"article:modified_time\" content=\"2021-05-20T00:48:02+00:00\" \/>\n<meta name=\"twitter:card\" content=\"summary_large_image\" \/>\n<meta name=\"twitter:label1\" content=\"Tiempo de lectura\" \/>\n\t<meta name=\"twitter:data1\" content=\"9 minutos\" \/>\n<script type=\"application\/ld+json\" class=\"yoast-schema-graph\">{\"@context\":\"https:\/\/schema.org\",\"@graph\":[{\"@type\":\"WebPage\",\"@id\":\"https:\/\/www.spl-latam.com\/chile\/terminos-y-condiciones\/\",\"url\":\"https:\/\/www.spl-latam.com\/chile\/terminos-y-condiciones\/\",\"name\":\"T\u00e9rminos y Condiciones - SPL Chile\",\"isPartOf\":{\"@id\":\"https:\/\/www.spl-latam.com\/chile\/#website\"},\"datePublished\":\"2020-04-14T04:22:43+00:00\",\"dateModified\":\"2021-05-20T00:48:02+00:00\",\"breadcrumb\":{\"@id\":\"https:\/\/www.spl-latam.com\/chile\/terminos-y-condiciones\/#breadcrumb\"},\"inLanguage\":\"es\",\"potentialAction\":[{\"@type\":\"ReadAction\",\"target\":[\"https:\/\/www.spl-latam.com\/chile\/terminos-y-condiciones\/\"]}]},{\"@type\":\"BreadcrumbList\",\"@id\":\"https:\/\/www.spl-latam.com\/chile\/terminos-y-condiciones\/#breadcrumb\",\"itemListElement\":[{\"@type\":\"ListItem\",\"position\":1,\"name\":\"Home\",\"item\":\"https:\/\/www.spl-latam.com\/chile\/\"},{\"@type\":\"ListItem\",\"position\":2,\"name\":\"T\u00e9rminos y Condiciones\"}]},{\"@type\":\"WebSite\",\"@id\":\"https:\/\/www.spl-latam.com\/chile\/#website\",\"url\":\"https:\/\/www.spl-latam.com\/chile\/\",\"name\":\"SPL Chile\",\"description\":\"L\u00edder mundial en comercializaci\u00f3n de Sal\",\"publisher\":{\"@id\":\"https:\/\/www.spl-latam.com\/chile\/#organization\"},\"potentialAction\":[{\"@type\":\"SearchAction\",\"target\":{\"@type\":\"EntryPoint\",\"urlTemplate\":\"https:\/\/www.spl-latam.com\/chile\/?s={search_term_string}\"},\"query-input\":{\"@type\":\"PropertyValueSpecification\",\"valueRequired\":true,\"valueName\":\"search_term_string\"}}],\"inLanguage\":\"es\"},{\"@type\":\"Organization\",\"@id\":\"https:\/\/www.spl-latam.com\/chile\/#organization\",\"name\":\"Sociedad Punta de Lobos S.A.\",\"url\":\"https:\/\/www.spl-latam.com\/chile\/\",\"logo\":{\"@type\":\"ImageObject\",\"inLanguage\":\"es\",\"@id\":\"https:\/\/www.spl-latam.com\/chile\/#\/schema\/logo\/image\/\",\"url\":\"https:\/\/www.spl-latam.com\/wp-content\/\/uploads\/sites\/2\/2023\/08\/cropped-fondo-blanco.png\",\"contentUrl\":\"https:\/\/www.spl-latam.com\/wp-content\/\/uploads\/sites\/2\/2023\/08\/cropped-fondo-blanco.png\",\"width\":512,\"height\":512,\"caption\":\"Sociedad Punta de Lobos S.A.\"},\"image\":{\"@id\":\"https:\/\/www.spl-latam.com\/chile\/#\/schema\/logo\/image\/\"},\"sameAs\":[\"https:\/\/www.facebook.com\/SalLobos\",\"https:\/\/www.instagram.com\/sal_lobos\/\",\"https:\/\/www.linkedin.com\/company\/sociedad-punta-de-lobos\/?originalSubdomain=cl\"]}]}<\/script>\n<!-- \/ Yoast SEO plugin. -->","yoast_head_json":{"title":"T\u00e9rminos y Condiciones - SPL Chile","robots":{"index":"index","follow":"follow","max-snippet":"max-snippet:-1","max-image-preview":"max-image-preview:large","max-video-preview":"max-video-preview:-1"},"canonical":"https:\/\/www.spl-latam.com\/chile\/terminos-y-condiciones\/","og_locale":"es_ES","og_type":"article","og_title":"T\u00e9rminos y Condiciones - SPL Chile","og_description":"Derechos de Propiedad de SPL Tanto el Sitio como todos los contenidos provistos por SPL, incluyendo, pero no limitado, a cualquier documentaci\u00f3n, archivo, material, aplicaci\u00f3n, textos, im\u00e1genes, ficheros, fotograf\u00edas, logotipos, gr\u00e1ficos, marcas, iconos, combinaciones de colores, o cualquier otro elemento, su estructura y dise\u00f1o, la selecci\u00f3n y forma de presentaci\u00f3n de los materiales incluidos en [&hellip;]","og_url":"https:\/\/www.spl-latam.com\/chile\/terminos-y-condiciones\/","og_site_name":"SPL Chile","article_publisher":"https:\/\/www.facebook.com\/SalLobos","article_modified_time":"2021-05-20T00:48:02+00:00","twitter_card":"summary_large_image","twitter_misc":{"Tiempo de lectura":"9 minutos"},"schema":{"@context":"https:\/\/schema.org","@graph":[{"@type":"WebPage","@id":"https:\/\/www.spl-latam.com\/chile\/terminos-y-condiciones\/","url":"https:\/\/www.spl-latam.com\/chile\/terminos-y-condiciones\/","name":"T\u00e9rminos y Condiciones - SPL Chile","isPartOf":{"@id":"https:\/\/www.spl-latam.com\/chile\/#website"},"datePublished":"2020-04-14T04:22:43+00:00","dateModified":"2021-05-20T00:48:02+00:00","breadcrumb":{"@id":"https:\/\/www.spl-latam.com\/chile\/terminos-y-condiciones\/#breadcrumb"},"inLanguage":"es","potentialAction":[{"@type":"ReadAction","target":["https:\/\/www.spl-latam.com\/chile\/terminos-y-condiciones\/"]}]},{"@type":"BreadcrumbList","@id":"https:\/\/www.spl-latam.com\/chile\/terminos-y-condiciones\/#breadcrumb","itemListElement":[{"@type":"ListItem","position":1,"name":"Home","item":"https:\/\/www.spl-latam.com\/chile\/"},{"@type":"ListItem","position":2,"name":"T\u00e9rminos y Condiciones"}]},{"@type":"WebSite","@id":"https:\/\/www.spl-latam.com\/chile\/#website","url":"https:\/\/www.spl-latam.com\/chile\/","name":"SPL Chile","description":"L\u00edder mundial en comercializaci\u00f3n de Sal","publisher":{"@id":"https:\/\/www.spl-latam.com\/chile\/#organization"},"potentialAction":[{"@type":"SearchAction","target":{"@type":"EntryPoint","urlTemplate":"https:\/\/www.spl-latam.com\/chile\/?s={search_term_string}"},"query-input":{"@type":"PropertyValueSpecification","valueRequired":true,"valueName":"search_term_string"}}],"inLanguage":"es"},{"@type":"Organization","@id":"https:\/\/www.spl-latam.com\/chile\/#organization","name":"Sociedad Punta de Lobos S.A.","url":"https:\/\/www.spl-latam.com\/chile\/","logo":{"@type":"ImageObject","inLanguage":"es","@id":"https:\/\/www.spl-latam.com\/chile\/#\/schema\/logo\/image\/","url":"https:\/\/www.spl-latam.com\/wp-content\/\/uploads\/sites\/2\/2023\/08\/cropped-fondo-blanco.png","contentUrl":"https:\/\/www.spl-latam.com\/wp-content\/\/uploads\/sites\/2\/2023\/08\/cropped-fondo-blanco.png","width":512,"height":512,"caption":"Sociedad Punta de Lobos S.A."},"image":{"@id":"https:\/\/www.spl-latam.com\/chile\/#\/schema\/logo\/image\/"},"sameAs":["https:\/\/www.facebook.com\/SalLobos","https:\/\/www.instagram.com\/sal_lobos\/","https:\/\/www.linkedin.com\/company\/sociedad-punta-de-lobos\/?originalSubdomain=cl"]}]}},"_links":{"self":[{"href":"https:\/\/www.spl-latam.com\/chile\/wp-json\/wp\/v2\/pages\/719","targetHints":{"allow":["GET"]}}],"collection":[{"href":"https:\/\/www.spl-latam.com\/chile\/wp-json\/wp\/v2\/pages"}],"about":[{"href":"https:\/\/www.spl-latam.com\/chile\/wp-json\/wp\/v2\/types\/page"}],"author":[{"embeddable":true,"href":"https:\/\/www.spl-latam.com\/chile\/wp-json\/wp\/v2\/users\/2"}],"replies":[{"embeddable":true,"href":"https:\/\/www.spl-latam.com\/chile\/wp-json\/wp\/v2\/comments?post=719"}],"version-history":[{"count":18,"href":"https:\/\/www.spl-latam.com\/chile\/wp-json\/wp\/v2\/pages\/719\/revisions"}],"predecessor-version":[{"id":8191,"href":"https:\/\/www.spl-latam.com\/chile\/wp-json\/wp\/v2\/pages\/719\/revisions\/8191"}],"wp:attachment":[{"href":"https:\/\/www.spl-latam.com\/chile\/wp-json\/wp\/v2\/media?parent=719"}],"wp:term":[{"taxonomy":"post_tag","embeddable":true,"href":"https:\/\/www.spl-latam.com\/chile\/wp-json\/wp\/v2\/tags?post=719"}],"curies":[{"name":"wp","href":"https:\/\/api.w.org\/{rel}","templated":true}]}}